{"id":4609,"date":"2026-02-16T17:56:37","date_gmt":"2026-02-16T16:56:37","guid":{"rendered":"https:\/\/valeriegervasoni.fr\/?post_type=tribe_events&#038;p=4609"},"modified":"2026-02-16T17:56:37","modified_gmt":"2026-02-16T16:56:37","slug":"realisation-de-soi-en-eveillant-son-intuition-pour-mieux-se-realiser-organise-par-lassociaition-temps-du-bien-etre","status":"publish","type":"tribe_events","link":"https:\/\/valeriegervasoni.fr\/index.php\/evenement\/realisation-de-soi-en-eveillant-son-intuition-pour-mieux-se-realiser-organise-par-lassociaition-temps-du-bien-etre\/","title":{"rendered":"R\u00e9alisation de soi en \u00e9veillant son intuition, pour mieux se r\u00e9aliser. organis\u00e9 par l&rsquo;associaition Temps du bien \u00eatre"},"content":{"rendered":"<p><strong>R\u00e9alisation de soi en \u00e9veillant son intuition, pour mieux se r\u00e9aliser.<\/strong><\/p>\n<div>\n<p>Avec Christine Poirieux Muller, nous serons ravies de vous accompagner \u00e0 travers ces exp\u00e9riences, pour vous offrir un temps pour vous et une reconnexion \u00e0 votre int\u00e9riorit\u00e9.<\/p>\n<div>\n<p>Salle du Village place de la libert\u00e9 \u00e0 St Martin d\u2019H\u00e8res (38)<\/p>\n<div>\n<div>\n<p>Informations et Inscriptions<strong> tempsdubienetre.fr<\/strong><\/p>\n<\/div>\n<\/div>\n<\/div>\n<\/div>\n","protected":false},"excerpt":{"rendered":"<p>R\u00e9alisation de soi en \u00e9veillant son intuition, pour mieux se r\u00e9aliser. Avec Christine Poirieux Muller, nous serons ravies de vous accompagner \u00e0 travers ces exp\u00e9riences, pour vous offrir un temps [&hellip;]<\/p>\n","protected":false},"author":1,"featured_media":0,"template":"","meta":{"_price":"","_stock":"","_tribe_ticket_header":"","_tribe_default_ticket_provider":"","_ticket_start_date":"","_ticket_end_date":"","_tribe_ticket_show_description":"","_tribe_ticket_show_not_going":false,"_tribe_ticket_use_global_stock":"","_tribe_ticket_global_stock_level":"","_global_stock_mode":"","_global_stock_cap":"","_tribe_rsvp_for_event":"","_tribe_ticket_going_count":"","_tribe_ticket_not_going_count":"","_tribe_tickets_list":"[]","_tribe_ticket_has_attendee_info_fields":false,"jetpack_post_was_ever_published":false,"_tribe_events_status":"","_tribe_events_status_reason":"","footnotes":""},"tags":[],"tribe_events_cat":[],"class_list":["post-4609","tribe_events","type-tribe_events","status-publish","hentry"],"yoast_head":"<!-- This site is optimized with the Yoast SEO plugin v26.9 - https:\/\/yoast.com\/product\/yoast-seo-wordpress\/ -->\n<title>R\u00e9alisation de soi en \u00e9veillant son intuition, pour mieux se r\u00e9aliser. organis\u00e9 par l&#039;associaition Temps du bien \u00eatre - Val\u00e9rie GERVASONI<\/title>\n<meta name=\"description\" content=\"Val\u00e9rie Gervasoni Formation reiki communication animale et v\u00e9g\u00e9tale Villard de Lans vercors\" \/>\n<meta name=\"robots\" content=\"index, follow, max-snippet:-1, max-image-preview:large, max-video-preview:-1\" \/>\n<link rel=\"canonical\" href=\"https:\/\/valeriegervasoni.fr\/index.php\/evenement\/realisation-de-soi-en-eveillant-son-intuition-pour-mieux-se-realiser-organise-par-lassociaition-temps-du-bien-etre\/\" \/>\n<meta property=\"og:locale\" content=\"fr_FR\" \/>\n<meta property=\"og:type\" content=\"article\" \/>\n<meta property=\"og:title\" content=\"R\u00e9alisation de soi en \u00e9veillant son intuition, pour mieux se r\u00e9aliser. organis\u00e9 par l&#039;associaition Temps du bien \u00eatre - Val\u00e9rie GERVASONI\" \/>\n<meta property=\"og:description\" content=\"Val\u00e9rie Gervasoni Formation reiki communication animale et v\u00e9g\u00e9tale Villard de Lans vercors\" \/>\n<meta property=\"og:url\" content=\"https:\/\/valeriegervasoni.fr\/index.php\/evenement\/realisation-de-soi-en-eveillant-son-intuition-pour-mieux-se-realiser-organise-par-lassociaition-temps-du-bien-etre\/\" \/>\n<meta property=\"og:site_name\" content=\"Val\u00e9rie GERVASONI\" \/>\n<meta property=\"article:publisher\" content=\"https:\/\/www.facebook.com\/profile.php?id=100085889790734\" \/>\n<meta name=\"twitter:card\" content=\"summary_large_image\" \/>\n<meta name=\"twitter:label1\" content=\"Dur\u00e9e de lecture estim\u00e9e\" \/>\n\t<meta name=\"twitter:data1\" content=\"1 minute\" \/>\n<script type=\"application\/ld+json\" class=\"yoast-schema-graph\">{\"@context\":\"https:\/\/schema.org\",\"@graph\":[{\"@type\":\"WebPage\",\"@id\":\"https:\/\/valeriegervasoni.fr\/index.php\/evenement\/realisation-de-soi-en-eveillant-son-intuition-pour-mieux-se-realiser-organise-par-lassociaition-temps-du-bien-etre\/\",\"url\":\"https:\/\/valeriegervasoni.fr\/index.php\/evenement\/realisation-de-soi-en-eveillant-son-intuition-pour-mieux-se-realiser-organise-par-lassociaition-temps-du-bien-etre\/\",\"name\":\"R\u00e9alisation de soi en \u00e9veillant son intuition, pour mieux se r\u00e9aliser. organis\u00e9 par l'associaition Temps du bien \u00eatre - Val\u00e9rie GERVASONI\",\"isPartOf\":{\"@id\":\"https:\/\/valeriegervasoni.fr\/#website\"},\"datePublished\":\"2026-02-16T16:56:37+00:00\",\"description\":\"Val\u00e9rie Gervasoni Formation reiki communication animale et v\u00e9g\u00e9tale Villard de Lans vercors\",\"breadcrumb\":{\"@id\":\"https:\/\/valeriegervasoni.fr\/index.php\/evenement\/realisation-de-soi-en-eveillant-son-intuition-pour-mieux-se-realiser-organise-par-lassociaition-temps-du-bien-etre\/#breadcrumb\"},\"inLanguage\":\"fr-FR\",\"potentialAction\":[{\"@type\":\"ReadAction\",\"target\":[\"https:\/\/valeriegervasoni.fr\/index.php\/evenement\/realisation-de-soi-en-eveillant-son-intuition-pour-mieux-se-realiser-organise-par-lassociaition-temps-du-bien-etre\/\"]}]},{\"@type\":\"BreadcrumbList\",\"@id\":\"https:\/\/valeriegervasoni.fr\/index.php\/evenement\/realisation-de-soi-en-eveillant-son-intuition-pour-mieux-se-realiser-organise-par-lassociaition-temps-du-bien-etre\/#breadcrumb\",\"itemListElement\":[{\"@type\":\"ListItem\",\"position\":1,\"name\":\"Accueil\",\"item\":\"https:\/\/valeriegervasoni.fr\/\"},{\"@type\":\"ListItem\",\"position\":2,\"name\":\"\u00c9v\u00e8nements\",\"item\":\"https:\/\/valeriegervasoni.fr\/index.php\/evenements\/\"},{\"@type\":\"ListItem\",\"position\":3,\"name\":\"R\u00e9alisation de soi en \u00e9veillant son intuition, pour mieux se r\u00e9aliser. organis\u00e9 par l&rsquo;associaition Temps du bien \u00eatre\"}]},{\"@type\":\"WebSite\",\"@id\":\"https:\/\/valeriegervasoni.fr\/#website\",\"url\":\"https:\/\/valeriegervasoni.fr\/\",\"name\":\"Val\u00e9rie GERVASONI\",\"description\":\"SE CONNECTER AU VIVANT POUR S\u2019OUVRIR A UN MONDE PLUS GRAND\",\"publisher\":{\"@id\":\"https:\/\/valeriegervasoni.fr\/#organization\"},\"potentialAction\":[{\"@type\":\"SearchAction\",\"target\":{\"@type\":\"EntryPoint\",\"urlTemplate\":\"https:\/\/valeriegervasoni.fr\/?s={search_term_string}\"},\"query-input\":{\"@type\":\"PropertyValueSpecification\",\"valueRequired\":true,\"valueName\":\"search_term_string\"}}],\"inLanguage\":\"fr-FR\"},{\"@type\":\"Organization\",\"@id\":\"https:\/\/valeriegervasoni.fr\/#organization\",\"name\":\"Val\u00e9rie GERVASONI\",\"url\":\"https:\/\/valeriegervasoni.fr\/\",\"logo\":{\"@type\":\"ImageObject\",\"inLanguage\":\"fr-FR\",\"@id\":\"https:\/\/valeriegervasoni.fr\/#\/schema\/logo\/image\/\",\"url\":\"https:\/\/i0.wp.com\/valeriegervasoni.fr\/wp-content\/uploads\/2024\/12\/cropped-cropped-Beige-Simple-Elegant-Personal-LinkedIn-Banner-1.png?fit=1582%2C394&ssl=1\",\"contentUrl\":\"https:\/\/i0.wp.com\/valeriegervasoni.fr\/wp-content\/uploads\/2024\/12\/cropped-cropped-Beige-Simple-Elegant-Personal-LinkedIn-Banner-1.png?fit=1582%2C394&ssl=1\",\"width\":1582,\"height\":394,\"caption\":\"Val\u00e9rie GERVASONI\"},\"image\":{\"@id\":\"https:\/\/valeriegervasoni.fr\/#\/schema\/logo\/image\/\"},\"sameAs\":[\"https:\/\/www.facebook.com\/profile.php?id=100085889790734\",\"https:\/\/www.facebook.com\/profile.php?id=100082958982464\"]}]}<\/script>\n<!-- \/ Yoast SEO plugin. -->","yoast_head_json":{"title":"R\u00e9alisation de soi en \u00e9veillant son intuition, pour mieux se r\u00e9aliser. organis\u00e9 par l'associaition Temps du bien \u00eatre - Val\u00e9rie GERVASONI","description":"Val\u00e9rie Gervasoni Formation reiki communication animale et v\u00e9g\u00e9tale Villard de Lans vercors","robots":{"index":"index","follow":"follow","max-snippet":"max-snippet:-1","max-image-preview":"max-image-preview:large","max-video-preview":"max-video-preview:-1"},"canonical":"https:\/\/valeriegervasoni.fr\/index.php\/evenement\/realisation-de-soi-en-eveillant-son-intuition-pour-mieux-se-realiser-organise-par-lassociaition-temps-du-bien-etre\/","og_locale":"fr_FR","og_type":"article","og_title":"R\u00e9alisation de soi en \u00e9veillant son intuition, pour mieux se r\u00e9aliser. organis\u00e9 par l'associaition Temps du bien \u00eatre - Val\u00e9rie GERVASONI","og_description":"Val\u00e9rie Gervasoni Formation reiki communication animale et v\u00e9g\u00e9tale Villard de Lans vercors","og_url":"https:\/\/valeriegervasoni.fr\/index.php\/evenement\/realisation-de-soi-en-eveillant-son-intuition-pour-mieux-se-realiser-organise-par-lassociaition-temps-du-bien-etre\/","og_site_name":"Val\u00e9rie GERVASONI","article_publisher":"https:\/\/www.facebook.com\/profile.php?id=100085889790734","twitter_card":"summary_large_image","twitter_misc":{"Dur\u00e9e de lecture estim\u00e9e":"1 minute"},"schema":{"@context":"https:\/\/schema.org","@graph":[{"@type":"WebPage","@id":"https:\/\/valeriegervasoni.fr\/index.php\/evenement\/realisation-de-soi-en-eveillant-son-intuition-pour-mieux-se-realiser-organise-par-lassociaition-temps-du-bien-etre\/","url":"https:\/\/valeriegervasoni.fr\/index.php\/evenement\/realisation-de-soi-en-eveillant-son-intuition-pour-mieux-se-realiser-organise-par-lassociaition-temps-du-bien-etre\/","name":"R\u00e9alisation de soi en \u00e9veillant son intuition, pour mieux se r\u00e9aliser. organis\u00e9 par l'associaition Temps du bien \u00eatre - Val\u00e9rie GERVASONI","isPartOf":{"@id":"https:\/\/valeriegervasoni.fr\/#website"},"datePublished":"2026-02-16T16:56:37+00:00","description":"Val\u00e9rie Gervasoni Formation reiki communication animale et v\u00e9g\u00e9tale Villard de Lans vercors","breadcrumb":{"@id":"https:\/\/valeriegervasoni.fr\/index.php\/evenement\/realisation-de-soi-en-eveillant-son-intuition-pour-mieux-se-realiser-organise-par-lassociaition-temps-du-bien-etre\/#breadcrumb"},"inLanguage":"fr-FR","potentialAction":[{"@type":"ReadAction","target":["https:\/\/valeriegervasoni.fr\/index.php\/evenement\/realisation-de-soi-en-eveillant-son-intuition-pour-mieux-se-realiser-organise-par-lassociaition-temps-du-bien-etre\/"]}]},{"@type":"BreadcrumbList","@id":"https:\/\/valeriegervasoni.fr\/index.php\/evenement\/realisation-de-soi-en-eveillant-son-intuition-pour-mieux-se-realiser-organise-par-lassociaition-temps-du-bien-etre\/#breadcrumb","itemListElement":[{"@type":"ListItem","position":1,"name":"Accueil","item":"https:\/\/valeriegervasoni.fr\/"},{"@type":"ListItem","position":2,"name":"\u00c9v\u00e8nements","item":"https:\/\/valeriegervasoni.fr\/index.php\/evenements\/"},{"@type":"ListItem","position":3,"name":"R\u00e9alisation de soi en \u00e9veillant son intuition, pour mieux se r\u00e9aliser. organis\u00e9 par l&rsquo;associaition Temps du bien \u00eatre"}]},{"@type":"WebSite","@id":"https:\/\/valeriegervasoni.fr\/#website","url":"https:\/\/valeriegervasoni.fr\/","name":"Val\u00e9rie GERVASONI","description":"SE CONNECTER AU VIVANT POUR S\u2019OUVRIR A UN MONDE PLUS GRAND","publisher":{"@id":"https:\/\/valeriegervasoni.fr\/#organization"},"potentialAction":[{"@type":"SearchAction","target":{"@type":"EntryPoint","urlTemplate":"https:\/\/valeriegervasoni.fr\/?s={search_term_string}"},"query-input":{"@type":"PropertyValueSpecification","valueRequired":true,"valueName":"search_term_string"}}],"inLanguage":"fr-FR"},{"@type":"Organization","@id":"https:\/\/valeriegervasoni.fr\/#organization","name":"Val\u00e9rie GERVASONI","url":"https:\/\/valeriegervasoni.fr\/","logo":{"@type":"ImageObject","inLanguage":"fr-FR","@id":"https:\/\/valeriegervasoni.fr\/#\/schema\/logo\/image\/","url":"https:\/\/i0.wp.com\/valeriegervasoni.fr\/wp-content\/uploads\/2024\/12\/cropped-cropped-Beige-Simple-Elegant-Personal-LinkedIn-Banner-1.png?fit=1582%2C394&ssl=1","contentUrl":"https:\/\/i0.wp.com\/valeriegervasoni.fr\/wp-content\/uploads\/2024\/12\/cropped-cropped-Beige-Simple-Elegant-Personal-LinkedIn-Banner-1.png?fit=1582%2C394&ssl=1","width":1582,"height":394,"caption":"Val\u00e9rie GERVASONI"},"image":{"@id":"https:\/\/valeriegervasoni.fr\/#\/schema\/logo\/image\/"},"sameAs":["https:\/\/www.facebook.com\/profile.php?id=100085889790734","https:\/\/www.facebook.com\/profile.php?id=100082958982464"]}]}},"jetpack_sharing_enabled":true,"_links":{"self":[{"href":"https:\/\/valeriegervasoni.fr\/index.php\/wp-json\/wp\/v2\/tribe_events\/4609","targetHints":{"allow":["GET"]}}],"collection":[{"href":"https:\/\/valeriegervasoni.fr\/index.php\/wp-json\/wp\/v2\/tribe_events"}],"about":[{"href":"https:\/\/valeriegervasoni.fr\/index.php\/wp-json\/wp\/v2\/types\/tribe_events"}],"author":[{"embeddable":true,"href":"https:\/\/valeriegervasoni.fr\/index.php\/wp-json\/wp\/v2\/users\/1"}],"version-history":[{"count":1,"href":"https:\/\/valeriegervasoni.fr\/index.php\/wp-json\/wp\/v2\/tribe_events\/4609\/revisions"}],"predecessor-version":[{"id":4610,"href":"https:\/\/valeriegervasoni.fr\/index.php\/wp-json\/wp\/v2\/tribe_events\/4609\/revisions\/4610"}],"wp:attachment":[{"href":"https:\/\/valeriegervasoni.fr\/index.php\/wp-json\/wp\/v2\/media?parent=4609"}],"wp:term":[{"taxonomy":"post_tag","embeddable":true,"href":"https:\/\/valeriegervasoni.fr\/index.php\/wp-json\/wp\/v2\/tags?post=4609"},{"taxonomy":"tribe_events_cat","embeddable":true,"href":"https:\/\/valeriegervasoni.fr\/index.php\/wp-json\/wp\/v2\/tribe_events_cat?post=4609"}],"curies":[{"name":"wp","href":"https:\/\/api.w.org\/{rel}","templated":true}]}}

Réalisation de soi en éveillant son intuition, pour mieux se réaliser. organisé par l&rsquo;associaition Temps du bien être

<p><strong>Réalisation de soi en éveillant son intuition, pour mieux se réaliser.</strong></p>
<div>
<p>Avec Christine Poirieux Muller, nous serons ravies de vous accompagner à travers ces expériences, pour vous offrir un temps pour vous et une reconnexion à votre intériorité.</p>
<div>
<p>Salle du Village place de la liberté à St Martin d’Hères (38)</p>
<div>
<div>
<p>Informations et Inscriptions<strong> tempsdubienetre.fr</strong></p>
</div>
</div>
</div>
</div>

<p>Réalisation de soi en éveillant son intuition, pour mieux se réaliser. Avec Christine Poirieux Muller, nous serons ravies de vous accompagner à travers ces expériences, pour vous offrir un temps [&hellip;]</p>

<!-- This site is optimized with the Yoast SEO plugin v26.9 - https://yoast.com/product/yoast-seo-wordpress/ -->
<title>Réalisation de soi en éveillant son intuition, pour mieux se réaliser. organisé par l&#039;associaition Temps du bien être - Valérie GERVASONI</title>
<meta name="description" content="Valérie Gervasoni Formation reiki communication animale et végétale Villard de Lans vercors" />
<meta name="robots" content="index, follow, max-snippet:-1, max-image-preview:large, max-video-preview:-1" />
<link rel="canonical" href="https://valeriegervasoni.fr/index.php/evenement/realisation-de-soi-en-eveillant-son-intuition-pour-mieux-se-realiser-organise-par-lassociaition-temps-du-bien-etre/" />
<meta property="og:locale" content="fr_FR" />
<meta property="og:type" content="article" />
<meta property="og:title" content="Réalisation de soi en éveillant son intuition, pour mieux se réaliser. organisé par l&#039;associaition Temps du bien être - Valérie GERVASONI" />
<meta property="og:description" content="Valérie Gervasoni Formation reiki communication animale et végétale Villard de Lans vercors" />
<meta property="og:url" content="https://valeriegervasoni.fr/index.php/evenement/realisation-de-soi-en-eveillant-son-intuition-pour-mieux-se-realiser-organise-par-lassociaition-temps-du-bien-etre/" />
<meta property="og:site_name" content="Valérie GERVASONI" />
<meta property="article:publisher" content="https://www.facebook.com/profile.php?id=100085889790734" />
<meta name="twitter:card" content="summary_large_image" />
<meta name="twitter:label1" content="Durée de lecture estimée" />
	<meta name="twitter:data1" content="1 minute" />
<script type="application/ld+json" class="yoast-schema-graph">{"@context":"https://schema.org","@graph":[{"@type":"WebPage","@id":"https://valeriegervasoni.fr/index.php/evenement/realisation-de-soi-en-eveillant-son-intuition-pour-mieux-se-realiser-organise-par-lassociaition-temps-du-bien-etre/","url":"https://valeriegervasoni.fr/index.php/evenement/realisation-de-soi-en-eveillant-son-intuition-pour-mieux-se-realiser-organise-par-lassociaition-temps-du-bien-etre/","name":"Réalisation de soi en éveillant son intuition, pour mieux se réaliser. organisé par l'associaition Temps du bien être - Valérie GERVASONI","isPartOf":{"@id":"https://valeriegervasoni.fr/#website"},"datePublished":"2026-02-16T16:56:37+00:00","description":"Valérie Gervasoni Formation reiki communication animale et végétale Villard de Lans vercors","breadcrumb":{"@id":"https://valeriegervasoni.fr/index.php/evenement/realisation-de-soi-en-eveillant-son-intuition-pour-mieux-se-realiser-organise-par-lassociaition-temps-du-bien-etre/#breadcrumb"},"inLanguage":"fr-FR","potentialAction":[{"@type":"ReadAction","target":["https://valeriegervasoni.fr/index.php/evenement/realisation-de-soi-en-eveillant-son-intuition-pour-mieux-se-realiser-organise-par-lassociaition-temps-du-bien-etre/"]}]},{"@type":"BreadcrumbList","@id":"https://valeriegervasoni.fr/index.php/evenement/realisation-de-soi-en-eveillant-son-intuition-pour-mieux-se-realiser-organise-par-lassociaition-temps-du-bien-etre/#breadcrumb","itemListElement":[{"@type":"ListItem","position":1,"name":"Accueil","item":"https://valeriegervasoni.fr/"},{"@type":"ListItem","position":2,"name":"Évènements","item":"https://valeriegervasoni.fr/index.php/evenements/"},{"@type":"ListItem","position":3,"name":"Réalisation de soi en éveillant son intuition, pour mieux se réaliser. organisé par l&rsquo;associaition Temps du bien être"}]},{"@type":"WebSite","@id":"https://valeriegervasoni.fr/#website","url":"https://valeriegervasoni.fr/","name":"Valérie GERVASONI","description":"SE CONNECTER AU VIVANT POUR S’OUVRIR A UN MONDE PLUS GRAND","publisher":{"@id":"https://valeriegervasoni.fr/#organization"},"potentialAction":[{"@type":"SearchAction","target":{"@type":"EntryPoint","urlTemplate":"https://valeriegervasoni.fr/?s={search_term_string}"},"query-input":{"@type":"PropertyValueSpecification","valueRequired":true,"valueName":"search_term_string"}}],"inLanguage":"fr-FR"},{"@type":"Organization","@id":"https://valeriegervasoni.fr/#organization","name":"Valérie GERVASONI","url":"https://valeriegervasoni.fr/","logo":{"@type":"ImageObject","inLanguage":"fr-FR","@id":"https://valeriegervasoni.fr/#/schema/logo/image/","url":"https://i0.wp.com/valeriegervasoni.fr/wp-content/uploads/2024/12/cropped-cropped-Beige-Simple-Elegant-Personal-LinkedIn-Banner-1.png?fit=1582%2C394&ssl=1","contentUrl":"https://i0.wp.com/valeriegervasoni.fr/wp-content/uploads/2024/12/cropped-cropped-Beige-Simple-Elegant-Personal-LinkedIn-Banner-1.png?fit=1582%2C394&ssl=1","width":1582,"height":394,"caption":"Valérie GERVASONI"},"image":{"@id":"https://valeriegervasoni.fr/#/schema/logo/image/"},"sameAs":["https://www.facebook.com/profile.php?id=100085889790734","https://www.facebook.com/profile.php?id=100082958982464"]}]}</script>
<!-- / Yoast SEO plugin. -->

Réalisation de soi en éveillant son intuition, pour mieux se réaliser. organisé par l'associaition Temps du bien être - Valérie GERVASONI

Valérie Gervasoni Formation reiki communication animale et végétale Villard de Lans vercors

Valérie GERVASONI

Évènements
